Is 1614149 a prime number?
True
Is 8204843 a prime number?
True
Is 1635481 prime?
False
Is 1414631 a prime number?
True
Is 77059651 prime?
False
Is 354923609 a composite number?
False
Is 70758341 composite?
True
Is 1632089 a prime number?
False
Is 8975633 a prime number?
True
Is 111044741 composite?
True
Is 4151143 composite?
True
Is 24023939 a prime number?
True
Is 2481811 a prime number?
True
Is 1484600339 a prime number?
True
Is 3315317 a prime number?
True
Is 42762739 composite?
False
Is 5928569 prime?
False
Is 9760613 a composite number?
True
Is 59845585 a composite number?
True
Is 3742721 prime?
False
Is 820991 a composite number?
False
Is 57780553 prime?
False
Is 65785009 prime?
False
Is 2299457 a prime number?
False
Is 244717133 prime?
False
Is 2311681 prime?
True
Is 19312563 composite?
True
Is 1457297 a prime number?
False
Is 344401 prime?
False
Is 13985087 a composite number?
False
Is 2719985 composite?
True
Is 71956499 composite?
False
Is 2545841 a composite number?
True
Is 7238247 a composite number?
True
Is 1835905 composite?
True
Is 78341 a prime number?
True
Is 6717989 prime?
False
Is 9886307 a prime number?
False
Is 307885879 composite?
True
Is 34249547 a prime number?
False
Is 35611831 a prime number?
True
Is 3472541 composite?
True
Is 969593 composite?
False
Is 5207239 a prime number?
True
Is 1287859 prime?
False
Is 344202173 a composite number?
True
Is 81399083 a prime number?
True
Is 100424301 prime?
False
Is 5373101 prime?
True
Is 11373979 composite?
False
Is 371828417 composite?
True
Is 86959 a prime number?
True
Is 504654443 prime?
True
Is 666571 a composite number?
True
Is 9899921 composite?
False
Is 252749 prime?
False
Is 4739831 composite?
False
Is 15014687 prime?
True
Is 5512687 a composite number?
False
Is 621771 prime?
False
Is 72557845 a prime number?
False
Is 58013 prime?
True
Is 72321701 prime?
True
Is 761287 prime?
False
Is 12711679 a composite number?
True
Is 989435 a composite number?
True
Is 156038837 prime?
False
Is 1492331 composite?
False
Is 258103633 prime?
False
Is 87472373 composite?
False
Is 3841603 a composite number?
False
Is 4937483 a prime number?
True
Is 489499055 composite?
True
Is 172209149 a prime number?
False
Is 24216077 a composite number?
False
Is 308775409 composite?
False
Is 3120751 prime?
False
Is 16165001 prime?
True
Is 39036017 composite?
False
Is 18585293 a prime number?
True
Is 199181 a composite number?
False
Is 10287437 a composite number?
True
Is 8193707 a prime number?
True
Is 2849603 prime?
False
Is 188757431 a composite number?
False
Is 1030319 a prime number?
False
Is 2802151 composite?
True
Is 2357527 prime?
True
Is 65555989 prime?
True
Is 119890943 a composite number?
False
Is 195836723 composite?
False
Is 226208303 prime?
False
Is 19323649 a prime number?
True
Is 4242281 a composite number?
True
Is 243911 a prime number?
True
Is 128962807 composite?
False
Is 98554187 a prime number?
True
Is 489753067 prime?
False
Is 516091343 prime?
True
Is 3045467 prime?
False
Is 34781171 composite?
False
Is 21377561 a prime number?
True
Is 339524167 prime?
False
Is 10342265 a composite number?
True
Is 7864291 a composite number?
False
Is 20088041 a prime number?
False
Is 1719409 a composite number?
False
Is 3712073 a composite number?
False
Is 51947257 a prime number?
False
Is 31407913 a prime number?
True
Is 193222207 composite?
True
Is 136657073 a prime number?
False
Is 5989691 composite?
False
Is 12776201 a prime number?
False
Is 926297 composite?
True
Is 1755542299 prime?
False
Is 2539561 a prime number?
False
Is 26324647 composite?
False
Is 29156833 a prime number?
False
Is 2118733 a prime number?
True
Is 1665421 prime?
True
Is 276125041 prime?
False
Is 29024881 prime?
True
Is 21624895 a composite number?
True
Is 319272097 prime?
False
Is 35931307 a composite number?
False
Is 68198167 prime?
True
Is 6167859 a prime number?
False
Is 933677009 composite?
True
Is 844601 composite?
False
Is 22864033 a composite number?
False
Is 41210161 a composite number?
False
Is 4327823 prime?
True
Is 6151073 a composite number?
False
Is 421801459 prime?
True
Is 562919971 prime?
True
Is 118175601 composite?
True
Is 493836613 prime?
True
Is 4871441 composite?
False
Is 14455999 a composite number?
True
Is 1223357129 composite?
False
Is 3822139 composite?
False
Is 3400885 composite?
True
Is 523657 composite?
False
Is 12045883 a composite number?
True
Is 85233453 composite?
True
Is 566453 prime?
True
Is 18878086 prime?
False
Is 110280187 composite?
False
Is 74232079 a prime number?
True
Is 1812611 prime?
True
Is 44533457 composite?
False
Is 367737223 prime?
False
Is 30746311 prime?
True
Is 1443577 a composite number?
True
Is 163608769 prime?
True
Is 35159489 composite?
False
Is 262489481 composite?
True
Is 1052636389 prime?
False
Is 38024587 a composite number?
True
Is 97149563 a composite number?
True
Is 104851687 prime?
False
Is 185591 prime?
False
Is 1030216427 a prime number?
True
Is 7481449 prime?
False
Is 3511903 composite?
True
Is 2960267 composite?
False
Is 1920731 composite?
False
Is 3802229 a composite number?
False
Is 2432059 a composite number?
True
Is 7916691 a prime number?
False
Is 2903291 a prime number?
True
Is 197008553 a prime number?
False
Is 215051 a composite number?
False
Is 1450241863 a composite number?
True
Is 12485731 a prime number?
True
Is 1434523369 prime?
True
Is 122578603 prime?
False
Is 207193411 prime?
True
Is 8248183 a composite number?
False
Is 4894843 composite?
False
Is 982913 composite?
True
Is 184561 a prime number?
False
Is 1950517 a composite number?
False
Is 649889437 composite?
False
Is 305157 prime?
False
Is 1802891 a composite number?
True
Is 4022 prime?
False
Is 235871 a prime number?
True
Is 7697257 prime?
True
Is 294190543 a composite number?
True
Is 1257811 a prime number?
False
Is 155895749 a prime number?
False
Is 52403459 a composite number?
True
Is 84422369 prime?
True
Is 199945171 a composite number?
False
Is 2438309 prime?
True
Is 22205266 composite?
True
Is 145681933 prime?
True
Is 246090638 a composite number?
True
Is 2828381 prime?
False
Is 12761465 prime?
False
Is 241012831 prime?
False
Is 277991783 a composite number?
False
Is 868085 composite?
True
Is 256146841 composite?
False
Is 3626269 a composite number?
False
Is 182593 a prime number?
True
Is 10022647 a prime number?
True
Is 8342627 composite?
True
Is 289114289 composite?
True
Is 4255769 a composite number?
True
Is 69778909 prime?
True
Is 24610731 a composite number?
True
Is 551277599 prime?
True
Is 99719611 prime?
True
Is 84774845 a composite number?
True
Is 5114143 a composite number?
False
Is 20084851 prime?
True
Is 3453157 composite?
True
Is 4984223 a composite number?
True
Is 1645486 composite?
True
Is 39607237 composite?
False
Is 108625771 a composite number?
False
Is 41690569 a composite number?
False
Is 2449261 a composite number?
True
Is 6995969 a composite number?
True
Is 14866549 composite?
True
Is 111681347 composite?
True
Is 3067745 composite?
True
Is 4150507 prime?
True
Is 28629199 prime?
True
Is 13401907 composite?
False
Is 2457563 a prime number?
True
Is 236910527 a prime number?
False
Is 13084777 composite?
False
Is 25827283 a composite number?
False
Is 1038353 composite?
True
Is 7286429 a prime number?
True
Is 29972759 a prime number?
True
Is 7975817 a composite number?
False
Is 647594861 composite?
False
Is 10015597 a prime number?
False
Is 50286979 composite?
False
Is 43329109 composite?
True
Is 1108957 a prime number?
True
Is 77319401 composite?
False
Is 427869281 a composite number?
True
Is 17813197 a composite number?
False
Is 54998011 composite?
False
Is 5725819 prime?
False
Is 4975297 composite?
False
Is 602821 composite?
False
Is 367108943 a composite number?
True
Is 51093899 a prime number?
False
Is 114940099 a prime number?
True
Is 60037637 a composite number?
True
Is 14318657 a prime number?
True
Is 63405197 prime?
True
Is 9949721 a prime number?
True
Is 3907945 a prime number?
False
Is 69269821 composite?
True
Is 61622159 a composite number?
False
Is 896839 composite?
True
Is 1588747 a prime number?
True
Is 214454401 prime?
False
Is 9263581 a composite number?
True
Is 19849777 a prime number?
False
Is 4581781 a composite number?
False
Is 2572949 a compos